hat are the prime factors of 99800?
2, 5, 499
What are the prime factors of 483?
3, 7, 23
What are the prime factors of 933?
3, 311
What are the prime factors of 12640?
2, 5, 79
List the prime factors of 4668.
2, 3, 389
List the prime factors of 616.
2, 7, 11
What are the prime factors of 11327?
47, 241
List the prime factors of 9565.
5, 1913
What are the prime factors of 34257?
3, 19, 601
What are the prime factors of 2421?
3, 269
List the prime factors of 1398.
2, 3, 233
List the prime factors of 97569.
3, 37, 293
List the prime factors of 2367.
3, 263
What are the prime factors of 5946?
2, 3, 991
List the prime factors of 3592.
2, 449
List the prime factors of 337.
337
List the prime factors of 482.
2, 241
What are the prime factors of 2156?
2, 7, 11
What are the prime factors of 5716?
2, 1429
List the prime factors of 106107.
3, 113, 313
List the prime factors of 28706.
2, 31, 463
List the prime factors of 10880.
2, 5, 17
What are the prime factors of 6396?
2, 3, 13, 41
What are the prime factors of 3407?
3407
List the prime factors of 1867.
1867
List the prime factors of 12043.
12043
List the prime factors of 387.
3, 43
List the prime factors of 2520.
2, 3, 5, 7
What are the prime factors of 2746?
2, 1373
List the prime factors of 45083.
45083
List the prime factors of 105556.
2, 11, 2399
What are the prime factors of 23423?
59, 397
What are the prime factors of 5866?
2, 7, 419
What are the prime factors of 5241?
3, 1747
What are the prime factors of 5750?
2, 5, 23
List the prime factors of 60821.
60821
What are the prime factors of 2093?
7, 13, 23
What are the prime factors of 1113?
3, 7, 53
What are the prime factors of 1274?
2, 7, 13
List the prime factors of 5490.
2, 3, 5, 61
List the prime factors of 3387.
3, 1129
What are the prime factors of 3054?
2, 3, 509
List the prime factors of 3427.
23, 149
List the prime factors of 2357.
2357
What are the prime factors of 1292?
2, 17, 19
What are the prime factors of 953?
953
What are the prime factors of 624?
2, 3, 13
What are the prime factors of 58229?
58229
List the prime factors of 2735.
5, 547
What are the prime factors of 1416?
2, 3, 59
List the prime factors of 2878.
2, 1439
List the prime factors of 552.
2, 3, 23
What are the prime factors of 3165?
3, 5, 211
List the prime factors of 5999.
7, 857
List the prime factors of 23109.
3, 7703
What are the prime factors of 50501?
11, 4591
List the prime factors of 1977.
3, 659
List the prime factors of 26670.
2, 3, 5, 7, 127
List the prime factors of 566.
2, 283
What are the prime factors of 269?
269
List the prime factors of 551.
19, 29
What are the prime factors of 19612?
2, 4903
What are the prime factors of 177096?
2, 3, 47, 157
What are the prime factors of 1515?
3, 5, 101
List the prime factors of 447.
3, 149
What are the prime factors of 4046?
2, 7, 17
What are the prime factors of 5320?
2, 5, 7, 19
List the prime factors of 19854.
2, 3, 1103
What are the prime factors of 7061?
23, 307
What are the prime factors of 94?
2, 47
What are the prime factors of 53595?
3, 5, 397
List the prime factors of 483.
3, 7, 23
What are the prime factors of 168?
2, 3, 7
List the prime factors of 3243.
3, 23, 47
List the prime factors of 1666.
2, 7, 17
List the prime factors of 7934.
2, 3967
What are the prime factors of 11149?
11149
What are the prime factors of 1432?
2, 179
What are the prime factors of 6216?
2, 3, 7, 37
List the prime factors of 78847.
37, 2131
What are the prime factors of 807?
3, 269
What are the prime factors of 412?
2, 103
What are the prime factors of 30854?
2, 15427
What are the prime factors of 15422?
2, 11, 701
List the prime factors of 14059.
17, 827
List the prime factors of 13902.
2, 3, 7, 331
What are the prime factors of 2355?
3, 5, 157
List the prime factors of 8596.
2, 7, 307
What are the prime factors of 79427?
79427
What are the prime factors of 26466?
2, 3, 11, 401
What are the prime factors of 4710?
2, 3, 5, 157
List the prime factors of 2297.
2297
What are the prime factors of 16758?
2, 3, 7, 19
List the prime factors of 526.
2, 263
List the prime factors of 30711.
3, 29, 353
What are the prime factors of 31241?
7, 4463
List the prime factors of 31069.
31069
List the prime factors of 420.
2, 3, 5, 7
List the prime factors of 566.
2, 283
What are the prime factors of 23005?
5, 43, 107
List the prime factors of 889.
7, 127
What are the prime factors of 3404?
2, 23, 37
List the prime factors of 109396.
2, 7, 3907
List the prime factors of 145.
5, 29
What are the prime factors of 91674?
2, 3, 11, 463
What are the prime factors of 1193?
1193
List the prime factors of 61802.
2, 13, 2377
List the prime factors of 82732.
2, 13, 37, 43
What are the prime factors of 12856?
2, 1607
What are the prime factors of 10519?
67, 157
What are the prime factors of 1812?
2, 3, 151
List the prime factors of 14119.
7, 2017
What are the prime factors of 104381?
104381
List the prime factors of 11255.
5, 2251
List the prime factors of 1143.
3, 127
List the prime factors of 106563.
3, 35521
List the prime factors of 2121.
3, 7, 101
List the prime factors of 7557.
3, 11, 229
What are the prime factors of 33607?
7, 4801
List the prime factors of 17673.
3, 43, 137
List the prime factors of 2327.
13, 179
List the prime factors of 939.
3, 313
What are the prime factors of 66683?
66683
List the prime factors of 30925.
5, 1237
List the prime factors of 1787.
1787
List the prime factors of 76627.
19, 37, 109
What are the prime factors of 1820?
2, 5, 7, 13
What are the prime factors of 6271?
6271
List the prime factors of 1099.
7, 157
What are the prime factors of 26487?
3, 109
List the prime factors of 746.
2, 373
List the prime factors of 5027.
11, 457
What are the prime factors of 2594?
2, 1297
List the prime factors of 7020.
2, 3, 5, 13
List the prime factors of 14695.
5, 2939
What are the prime factors of 1610?
2, 5, 7, 23
What are the prime factors of 2154?
2, 3, 359
What are the prime factors of 6176?
2, 193
What are the prime factors of 76843?
13, 23, 257
List the prime factors of 1096.
2, 137
List the prime factors of 117711.
3, 11, 29, 41
List the prime factors of 17340.
2, 3, 5, 17
List the prime factors of 596.
2, 149
What are the prime factors of 5261?
5261
What are the prime factors of 50?
2, 5
List the prime factors of 41444.
2, 13, 797
What are the prime factors of 10258?
2, 23, 223
List the prime factors of 1212.
2, 3, 101
What are the prime factors of 1679?
23, 73
What are the prime factors of 4238?
2, 13, 163
List the prime factors of 2005.
5, 401
List the prime factors of 1573.
11, 13
What are the prime factors of 1142?
2, 571
What are the prime factors of 4195?
5, 839
List the prime factors of 6053.
6053
List the prime factors of 1022.
2, 7, 73
What are the prime factors of 6289?
19, 331
List the prime factors of 27265.
5, 7, 19, 41
What are the prime factors of 10719?
3, 397
List the prime factors of 3853.
3853
List the prime factors of 3528.
2, 3, 7
What are the prime factors of 1067?
11, 97
What are the prime factors of 9344?
2, 73
List the prime factors of 643.
643
What are the prime factors of 31951?
89, 359
List the prime factors of 277.
277
List the prime factors of 4086.
2, 3, 227
List the prime factors of 20669.
11, 1879
What are the prime factors of 30521?
23, 1327
List the prime factors of 47790.
2, 3, 5, 59
List the prime factors of 3191.
3191
List the prime factors of 5725.
5, 229
What are the prime factors of 15044?
2, 3761
List the prime factors of 43229.
139, 311
List the prime factors of 66504.
2, 3, 17, 163
List the prime factors of 5477.
5477
What are the prime factors of 61797?
3, 20599
List the prime factors of 30085.
5, 11, 547
List the prime factors of 510.
2, 3, 5, 17
What are the prime factors of 282?
2, 3, 47
List the prime factors of 338.
2, 13
What are the prime factors of 3689?
7, 17, 31
What are the prime factors of 46052?
2, 29, 397
What are the prime factors of 2092?
2, 523
What are the prime factors of 8124?
2, 3, 677
What are the prime factors of 32916?
2, 3, 13, 211
List the prime factors of 18005.
5, 13, 277
List the prime factors of 2576.
2, 7, 23
List the prime factors of 8881.
83, 107
What are the prime factors of 1345?
5, 269
List the prime factors of 80174.
2, 40087
What are the p